. What are the prime factors of w?
5
Suppose 5*d - 2*u = -u + 24, -5*u - 20 = 0. Let n(l) = -l + 5. Let k be n(d). Let i(v) = 3*v**3 - v**2 + v. What are the prime factors of i(k)?
3
Suppose 4*j + 2*r = 28, 2*r - 7 = j - r. Suppose j = 2*f + 3. Suppose -3 = -x - f. What are the prime factors of x?
2
List the prime factors of (-3 + 2 - -1) + -1 + 36.
5, 7
Let c(q) = 2*q**2 - 2*q - 2. Let k be 3/(-1) - 0/3. What are the prime factors of c(k)?
2, 11
Let a(q) = 6*q**2 + 2*q - 1. Let o be a(2). Suppose h - 2*h = -o. What are the prime factors of h?
3
Let x(b) = b**3 - 9*b**2 + 2*b - 1. List the prime factors of x(9).
17
List the prime factors of (0 + -1)*(18/(-6) - 236).
239
Suppose 4*u - 2*u = 0. Let n be ((-2)/5)/(2/(-10)). Let a = n + u. List the prime factors of a.
2
Let a be (0 - -2) + -22 + -1. List the prime factors of (2 - a/(-6))*-4.
2, 3
Suppose -4*v = -v + 18. Let h(u) = -u**3 - 7*u**2 - 7*u - 4. Let y be h(v). Suppose -y*b = -3*m + 37 - 12, 4*m = 3*b + 32. What are the prime factors of m?
11
Suppose v - 98 = 5. List the prime factors of v.
103
Let s = 7 - 4. Suppose 2*y = 9 + s. List the prime factors of y.
2, 3
Let j(z) be the second derivative of -z**4/12 + 5*z**3/3 - 3*z**2 - 7*z. Let m be -1 + (-6*3)/(-2). What are the prime factors of j(m)?
2, 5
Let g be (2 - 3/2)*-14. Let a(n) = -3*n**3 + 2*n**2 - 2*n + 3. Let r be a(2). Let l = g - r. List the prime factors of l.
2, 5
Let l(s) = s**2 - s. Let f be l(1). Suppose 4*u - 18 + 6 = 0. Suppose f = g - u - 2. What are the prime factors of g?
5
Suppose 38 = -4*y + 2*v, 2*v - 10 = -0*v. Let k(c) = -c**3 - 6*c**2 - 8. List the prime factors of k(y).
41
Let u(s) = 4*s**2 - 28*s + 21. What are the prime factors of u(9)?
3, 31
Suppose -h - 20 = -6*h. List the prime factors of h.
2
Let d(c) = -c**2. Suppose 4 = 4*i - 2*n, -2*n - 8 = -0*n. Let b be d(i). List the prime factors of (-16)/(-2) - (1 + b).
2
Let k(z) be the first derivative of -z**4/4 + 7*z**3/3 - 7*z**2/2 + 1. Let w(f) = f**2 + 4*f - 7. Let i be w(-6). What are the prime factors of k(i)?
3, 5
Let p = -11 - -16. Suppose -4*c - 20 = 4*f, -f = -0*c - c - p. Suppose 16 = 4*o - f*o. What are the prime factors of o?
2
Let m = -9 + 16. Suppose -2*w + 8 = -2*o, 4*o = w - m - 0. List the prime factors of -22*2/4*o.
11
What are the prime factors of (2/8)/(2/16)?
2
Let o(x) = -x**2 - 5*x - 2. Let m be o(-2). Let v(k) = -k**3 + 2*k**2 - 2*k + 6. Let n be v(m). List the prime factors of (-2)/4 + n/(-4).
2
Suppose -3*j = -j. Suppose -4*u + 0*u + 116 = j. Suppose w = -3*r + 13, 6 + u = 3*w + 5*r. What are the prime factors of w?
2, 5
What are the prime factors of (-2)/3 - 342/(-27)?
2, 3
Suppose 0 = 5*c - t + 11, -5*c + 2*t - 6 = -3*c. Let k = 1 - c. Suppose 2*v - 4*b = -5*b + 2, -v + k*b = -15. What are the prime factors of v?
3
Let y(d) = 4*d**3 - 2*d**2 + 1. Let a be (-1 + 3)/(2/1). Let p be y(a). Suppose -p*g - 15 = -8*g. What are the prime factors of g?
3
Let d = -3 - -3. Let i(k) = k**2 + 2 - 5*k + k**3 - 2*k + 6*k. What are the prime factors of i(d)?
2
Suppose -5*l = -4*x - 4*l + 19, -l + 11 = 2*x. List the prime factors of x.
5
Suppose 4*m = 18 + 6. Suppose -m + 4 = -n. What are the prime factors of n?
2
Let m be 22 + 1 + 1 + -2. Suppose 0 = -7*o + 83 + 1. Let v = m - o. What are the prime factors of v?
2, 5
Let i(j) = j**3 - 6*j**2 + 4*j - 8. Suppose -2*p + 13 = s, -p + 0*p + 8 = 2*s. What are the prime factors of i(p)?
2
Suppose -3*o = 2*o. Let m = 6 - o. Suppose -30 - m = -4*p. List the prime factors of p.
3
Let r(n) = -n**3 + 3*n**2 + 3*n - 3. What are the prime factors of r(2)?
7
Suppose 73 = 2*o - 5*u, 0 = -o - u - 6 + 32. List the prime factors of o.
29
What are the prime factors of (-2 - 2)*37/(-4)?
37
Let w(t) = t**3 - 8*t**2 - 8*t - 5. Let a be w(9). Suppose 3*f + 14 = a*f. Suppose -2*y + 0*y = -f. List the prime factors of y.
7
Let q = -112 - -187. List the prime factors of q.
3, 5
Let j = 6 - -33. What are the prime factors of j?
3, 13
Let q be -3 - (3 + (-4)/2). Let s(l) = -2*l**2 - 4*l + 4. Let b be s(q). What are the prime factors of b/42 + (-79)/(-7)?
11
Let g be ((-4)/6)/(12/(-90)). Suppose g*r - 8*r = -27. List the prime factors of r.
3
List the prime factors of (6/(-8) - 3436/(-16)) + 2.
2, 3
Suppose 9*q = 1271 - 425. What are the prime factors of q?
2, 47
Suppose -2*b - 98 = -4*u, -3*u = 2*b - 0*b - 77. Suppose 5*i = -q + u, 4*i = -q - 0*q + 19. List the prime factors of i.
2, 3
Let u = 29 - 15. Suppose 0*z - u = -2*z. What are the prime factors of z?
7
Let o(a) = -a**3 + 4*a**2 - 2*a - 2. Let n be o(3). What are the prime factors of ((-3 - 2)/n)/(-1)?
5
Let l(g) = 2*g + 5. Let y be l(6). Let x = 30 - y. What are the prime factors of x?
13
Suppose -3*z + 6 = -3*q + 21, -4*q + 40 = z. List the prime factors of q.
3
Let z(x) = 9*x - 13. What are the prime factors of z(6)?
41
Let q(r) = 2*r**3 + 3*r**3 - 3*r - 3*r**3 - r**3 - 8 + 6*r**2. Let v be q(-6). Suppose 5*u + 0*u - v = 0. List the prime factors of u.
2
Let w(r) = r - 5. Let y be w(8). Let u be 2/((y - 1)/16). Suppose -3*f + u = f. What are the prime factors of f?
2
Let h = 33 - 23. List the prime factors of h.
2, 5
List the prime factors of -2*(-3 + (-3 - -2)).
2
Let b(v) = 5*v + 1. Let q be b(2). Suppose -q = -4*n - 3. What are the prime factors of n?
2
Let x(j) be the first derivative of 1/3*j**3 + 2*j - 1 - 9/2*j**2. List the prime factors of x(10).
2, 3
What are the prime factors of (-1219)/(-11) - ((-4)/(-11))/(-2)?
3, 37
What are the prime factors of 30/5 + -4 - -53?
5, 11
Let v be 2*(-2 + (-30)/4). Let u = v + 30. What are the prime factors of u?
11
Let v(l) = -l - 8. Let k be v(-5). Let s be 2/(-2 - 0 - k). Suppose -h - 5*j = -0*h - 4, s*h = j + 19. List the prime factors of h.
3
Suppose 4*z + 2*a - 8 = 38, 15 = -5*a. Let c = z - -8. What are the prime factors of c?
3, 7
Let u = 108 - 41. What are the prime factors of u?
67
Let o(k) = k**2 - 5*k - 10. Let f(v) = v - 13. Let s be f(9). List the prime factors of o(s).
2, 13
Suppose 5*h = 68 + 12. Suppose -2*u + h = -3*l, -7*l = 3*u - 4*l + 6. Suppose -u*w = -7 - 9. List the prime factors of w.
2
Suppose 3*d - 2*d - 179 = 0. Suppose 4*o = d + 53. What are the prime factors of o?
2, 29
Suppose 2*c = -3*c - 20. Suppose 3*m - 11 = -4*u - 0, 4*u + 19 = 3*m. List the prime factors of (-2)/(u/((-6)/c)).
3
Suppose 90 = -5*w - 0*w. Let l = w - -8. Let o(z) = -z**3 - 10*z**2 - z - 5. List the prime factors of o(l).
5
Let i = 48 - 28. List the prime factors of i.
2, 5
Suppose -4*a = -5*a + 30. Let o be (-1)/3 + a/9. Suppose 0*i - 3*z - 33 = -4*i, o*i + 4*z - 56 = 0. List the prime factors of i.
2, 3
Suppose 0*t - 5 = t + 4*h, 5*t + 121 = 4*h. Let s = -54 - t. List the prime factors of 1 + 2*s/(-6).
2, 3
Suppose -k + 6*k = o + 208, -k + 52 = 5*o. List the prime factors of 85/6 - 7/k.
2, 7
Let x(f) = f + 1. Let g be x(4). Suppose g*y - 6*t = -3*t + 49, -2*t - 30 = -3*y. What are the prime factors of y?
2
Let z = -6 + 8. List the prime factors of z/(5 - -1)*12.
2
Let x(q) = 2*q**3 - 3*q**2 + q - 1. List the prime factors of x(4).
83
Let d(b) = -b**2 - 5*b. Let r be d(-5). Suppose -i + 0 + 6 = r. Suppose 4*x - 5 = -n, 0 = x - i*x - 15. List the prime factors of n.
17
Let g(l) = l**3 - 12*l**2 + 3*l + 16. What are the prime factors of g(12)?
2, 13
Let c(i) = 6*i**2 + i + 1. Let t be c(-1). Suppose 4*f + 46 = t*f. List the prime factors of f.
23
Let u be 1*-2*(-188)/8. Suppose -5*t = -u - 63. Suppose -3*q = 4*h - t, 4*h - 5 = -h. List the prime factors of q.
2, 3
List the prime factors of (5 - 1) + -1 + 46.
7
Let g be (0 - 0)/4 + 23. Suppose -134 + g = -3*k. List the prime factors of k.
37
Let x(g) be the second derivative of g**4/12 + g**3/6 + 2*g**2 + g. Let r be -4 - (-2 + 0 - -1). List the prime factors of x(r).
2, 5
Let m = 124 + -59. List the prime factors of ((-3)/3)/((-5)/m).
13
Let o(w) = w**3 - w**2 + w - 1. Let g be o(2). Suppose g*y - 7*p + 2*p - 90 = 0, 2*y + 5*p - 50 = 0. List the prime factors of y.
2, 5
Suppose 132 = -8*z + 1020. List the prime factors of z.
3, 37
Let i = 4 + -2. Suppose -i*m = -m - 17. What are the prime factors of m?
17
Suppose 0 = 5*a + 2 - 12. Suppose 0 = 2*c + a*c - 56. What are the prime factors of c?
2, 7
Let q = 349 + -65. What are the prime factors of q?
2, 71
Let g(b) = 7*b - 10